{"id":2390,"date":"2020-02-15T07:16:34","date_gmt":"2020-02-15T06:16:34","guid":{"rendered":"https:\/\/personligtdesign.dk\/?page_id=2390"},"modified":"2022-11-08T11:51:25","modified_gmt":"2022-11-08T10:51:25","slug":"cookie-politik","status":"publish","type":"page","link":"https:\/\/personligtdesign.dk\/index.php\/cookie-politik\/","title":{"rendered":"Cookie-politik"},"content":{"rendered":"\t\t<div data-elementor-type=\"wp-page\" data-elementor-id=\"2390\" class=\"elementor elementor-2390\" data-elementor-post-type=\"page\">\n\t\t\t\t\t\t<section class=\"elementor-section elementor-top-section elementor-element elementor-element-5f84443 elementor-section-boxed elementor-section-height-default elementor-section-height-default\" data-id=\"5f84443\" data-element_type=\"section\" data-e-type=\"section\">\n\t\t\t\t\t\t<div class=\"elementor-container elementor-column-gap-default\">\n\t\t\t\t\t<div class=\"elementor-column elementor-col-100 elementor-top-column elementor-element elementor-element-d4abdce\" data-id=\"d4abdce\" data-element_type=\"column\" data-e-type=\"column\">\n\t\t\t<div class=\"elementor-widget-wrap elementor-element-populated\">\n\t\t\t\t\t\t<div class=\"elementor-element elementor-element-1490bb9 elementor-widget elementor-widget-text-editor\" data-id=\"1490bb9\" data-element_type=\"widget\" data-e-type=\"widget\" data-widget_type=\"text-editor.default\">\n\t\t\t\t<div class=\"elementor-widget-container\">\n\t\t\t\t\t\t\t\t\t<div class=\"marvelouscms-page-container \">\n<div class=\"marvelouscms-col\">\n<div class=\"marvelouscms-element std\">\n<div>\n<div>\n<div class=\"CookieDeclaration\" dir=\"ltr\" lang=\"DA\">\n<h3 class=\"CookieDeclarationIntro\"><strong>Hjemmesidens ejer og kontaktoplysninger<\/strong><\/h3>\n<p class=\"CookieDeclarationIntro\">Denne hjemmeside er drevet og ejet af:&nbsp;<br>PersonligtDesign<br>CVR: 36567155<br>Email: <a href=\"mailto:info@PersonligtDesign.dk\">info@PersonligtDesign.dk<\/a><br>Telefon: 51 15 00 98<\/p>\n<p>Hjemmesiden forpligtiger sig til at overholde de af Foreningen af Danske Interaktive Medier til enhver tid fastlagte retningslinjer for behandling af cookies og persondata.<\/p>\n<p><strong>Hvad er en cookie?<\/strong><br>En cookie er en lille tekst-fil, som vi gemmer p\u00e5 din computer for at kunne holde styr p\u00e5, hvad der sker under dit bes\u00f8g og for at kunne genkende computeren. En cookie indeholder kun tekst, er ikke et program og indeholder ikke virus.<\/p>\n<h3><strong>Hjemmesidens brug af cookies<\/strong><\/h3>\n<p>Cookies er n\u00f8dvendige for at f\u00e5 hjemmesiden til at fungere. Cookies hj\u00e6lper os desuden med at f\u00e5 overblik over dit bes\u00f8g p\u00e5 hjemmesiden, s\u00e5 vi l\u00f8bende kan optimere og m\u00e5lrette hjemmesiden til dine behov og interesser. Helt overordnet anvendes cookies s\u00e5ledes som del af vores service til at vise indhold, der er s\u00e5 relevant som muligt for dig. Her er oversigten over hjemmesidens brug af cookies, og vores samarbejdspartnere i denne forbindelse:<\/p>\n<h3><strong>S\u00e5dan afviser eller sletter du dine cookies<\/strong><\/h3>\n<p>Afvisning af cookies: Du kan altid afvise cookies p\u00e5 din computer ved at \u00e6ndre indstillingerne i din Internet-browser. Hvor du finder indstillingerne afh\u00e6nger af, hvilken browser du anvender. Du skal dog v\u00e6re opm\u00e6rksom p\u00e5, at hvis du g\u00f8r det, er der mange funktioner og services, du ikke kan bruge, fordi disse funktioner og services foruds\u00e6tter, at hjemmesiden kan huske de valg, du foretager.<\/p>\n<p>Sletning af cookies: Cookies som du tidligere har accepteret, kan efterf\u00f8lgende slettes nemt. Benytter du en PC \/computer med en nyere Internet-browser, kan du slette dine cookies ved at bruge genvejstasterne:&nbsp;<br>CTRL + SHIFT + Delete. Virker genvejstasterne ikke, og\/eller benytter du en MAC, skal du starte med at finde ud af, hvilken browser du bruger og herefter klikke p\u00e5 det relevante link:<br>Husk: Bruger du flere Internet-browsere, skal du slette cookies i dem alle.<br><\/p>\n<\/div>\n<\/div>\n<\/div>\n<\/div>\n<\/div>\n<\/div>\t\t\t\t\t\t\t\t<\/div>\n\t\t\t\t<\/div>\n\t\t\t\t\t<\/div>\n\t\t<\/div>\n\t\t\t\t\t<\/div>\n\t\t<\/section>\n\t\t\t\t<\/div>\n\t\t","protected":false},"excerpt":{"rendered":"<p>Hjemmesidens ejer og kontaktoplysninger Denne hjemmeside er drevet og ejet af:&nbsp;PersonligtDesignCVR: 36567155Email: info@PersonligtDesign.dkTelefon: 51 15 00 98 Hjemmesiden forpligtiger sig til at overholde de af&hellip;<\/p>\n","protected":false},"author":1,"featured_media":0,"parent":0,"menu_order":0,"comment_status":"closed","ping_status":"closed","template":"","meta":{"footnotes":""},"class_list":["post-2390","page","type-page","status-publish","hentry"],"_links":{"self":[{"href":"https:\/\/personligtdesign.dk\/index.php\/wp-json\/wp\/v2\/pages\/2390","targetHints":{"allow":["GET"]}}],"collection":[{"href":"https:\/\/personligtdesign.dk\/index.php\/wp-json\/wp\/v2\/pages"}],"about":[{"href":"https:\/\/personligtdesign.dk\/index.php\/wp-json\/wp\/v2\/types\/page"}],"author":[{"embeddable":true,"href":"https:\/\/personligtdesign.dk\/index.php\/wp-json\/wp\/v2\/users\/1"}],"replies":[{"embeddable":true,"href":"https:\/\/personligtdesign.dk\/index.php\/wp-json\/wp\/v2\/comments?post=2390"}],"version-history":[{"count":11,"href":"https:\/\/personligtdesign.dk\/index.php\/wp-json\/wp\/v2\/pages\/2390\/revisions"}],"predecessor-version":[{"id":14808,"href":"https:\/\/personligtdesign.dk\/index.php\/wp-json\/wp\/v2\/pages\/2390\/revisions\/14808"}],"wp:attachment":[{"href":"https:\/\/personligtdesign.dk\/index.php\/wp-json\/wp\/v2\/media?parent=2390"}],"curies":[{"name":"wp","href":"https:\/\/api.w.org\/{rel}","templated":true}]}}