{"id":2362,"date":"2020-02-15T06:45:54","date_gmt":"2020-02-15T05:45:54","guid":{"rendered":"https:\/\/personligtdesign.dk\/?page_id=2362"},"modified":"2020-09-29T19:34:48","modified_gmt":"2020-09-29T17:34:48","slug":"privatlivspolitik-2","status":"publish","type":"page","link":"https:\/\/personligtdesign.dk\/index.php\/privatlivspolitik-2\/","title":{"rendered":"Privatlivspolitik"},"content":{"rendered":"\t\t<div data-elementor-type=\"wp-page\" data-elementor-id=\"2362\" class=\"elementor elementor-2362\" data-elementor-post-type=\"page\">\n\t\t\t\t\t\t<section class=\"elementor-section elementor-top-section elementor-element elementor-element-a48dda1 elementor-section-boxed elementor-section-height-default elementor-section-height-default\" data-id=\"a48dda1\" data-element_type=\"section\" data-e-type=\"section\">\n\t\t\t\t\t\t<div class=\"elementor-container elementor-column-gap-default\">\n\t\t\t\t\t<div class=\"elementor-column elementor-col-100 elementor-top-column elementor-element elementor-element-57f9d65\" data-id=\"57f9d65\" data-element_type=\"column\" data-e-type=\"column\">\n\t\t\t<div class=\"elementor-widget-wrap elementor-element-populated\">\n\t\t\t\t\t\t<div class=\"elementor-element elementor-element-a3ec280 elementor-widget elementor-widget-text-editor\" data-id=\"a3ec280\" data-element_type=\"widget\" data-e-type=\"widget\" data-widget_type=\"text-editor.default\">\n\t\t\t\t<div class=\"elementor-widget-container\">\n\t\t\t\t\t\t\t\t\t<h3><strong><span style=\"font-size: 18px;\">Generelt<\/span><\/strong><\/h3><p>Denne politik om behandling af personoplysninger (&#8220;Persondatapolitik&#8221;) beskriver, hvordan PersonligtDesign, &#8220;os&#8221;, &#8220;vores&#8221;, &#8220;vi&#8221; indsamler og behandler oplysninger om dig.<\/p><p>Persondatapolitikken g\u00e6lder for personoplysninger, som du afgiver til os, eller som vi indsamler via PersonligtDesigns hjemmeside PersonligtDesign.dk (&#8220;Hjemmesiden&#8221;).<\/p><p>PersonligtDesign er dataansvarlig for dine personoplysninger. Al henvendelse til PersonligtDesign kan ske via kontaktoplysningerne anf\u00f8rt under Kontaktoplysninger.<\/p><h3>Hvilke personoplysninger indsamler vi, til hvilke form\u00e5l og retsgrundlaget for behandlingen<\/h3><p>N\u00e5r du bes\u00f8ger Hjemmesiden, indsamler vi automatisk\u00a0oplysninger om dig og din brug af Hjemmesiden, fx om hvilken type browser du bruger, hvilke s\u00f8getermer du bruger p\u00e5\u00a0Hjemmesiden, din IP-adresse, herunder din netv\u00e6rkslokation, og informationer om din computer.<\/p><ul><li><u>Form\u00e5let<\/u> er at optimere brugeroplevelsen og Hjemmesidens funktion, samt foretage m\u00e5lrettet markedsf\u00f8ring, herunder retargeting via Facebook og Google. Denne behandling af oplysninger er n\u00f8dvendig for, at vi kan varetage vores interesser i at forbedre Hjemmesiden samt vise dig relevante tilbud.<\/li><li><u>Retsgrundlaget<\/u> for behandlingen er EU Persondataforordningens art 6, stk. 1, litra f.<\/li><\/ul><p>N\u00e5r du k\u00f8ber et produkt eller kommunikerer med os p\u00e5 Hjemmesiden, indsamler vi de oplysninger, du selv afgiver, navn\/firmanavn, e-mailadresse og evt. telefonnr., evt. adresse samt oplysning om den IP-adresse, hvorfra bestilling er foretaget.<\/p><ul><li><u>Form\u00e5let<\/u> er, at vi kan levere de produkter, du har bestilt og i \u00f8vrigt opfylde vores aftale med dig, herunder for at kunne administrere dine rettigheder til at returnere og reklamere. Oplysninger om dine k\u00f8b kan vi ogs\u00e5 behandle for at overholde lovkrav, herunder til bogf\u00f8ring og regnskab. Ved k\u00f8b indsamles IP-adressen med det form\u00e5l og for at varetage vores interesse i, at kunne forhindre svig.<\/li><li><u>Retsgrundlaget<\/u> for behandlingen er EU Persondataforordningens art 6, stk. 1, litra b, c og f.<\/li><\/ul><p>N\u00e5r du tilmelder dig til vores nyhedsbrev, indsamler vi oplysning om din e-mailadresse.<\/p><ul><li><u>Form\u00e5let<\/u> er at varetage vores interesse i at kunne levere nyhedsbreve til dig.<\/li><li><u>Retsgrundlaget<\/u> for behandlingen er EU Persondataforordningens art 6, stk. 1, litra f.<\/li><\/ul><h3>Modtagere af Personoplysninger<\/h3><p>Oplysninger om dit navn, adresse, e-mail, telefonnummer samt ordrenummer og specifikke leverings\u00f8nsker videregives til PostNord, GLS eller en transport\u00f8r, der forest\u00e5r leveringen af de k\u00f8bte varer til dig. Ved k\u00f8b af ikke lagerf\u00f8rte varer kan de n\u00e6vnte oplysninger videregives til producenten eller s\u00e6lgeren af den p\u00e5g\u00e6ldende vare, som i s\u00e5 fald vil forest\u00e5 leverancen.<\/p><p>Oplysninger kan overlades til eksterne samarbejdspartnere, der behandler oplysningerne p\u00e5 vores vegne. Vi anvender eksterne samarbejdspartnere til blandt andet teknisk drift og forbedringer af Hjemmesiden, udsendelse af nyhedsbreve samt m\u00e5lrettet markedsf\u00f8ring, herunder retargeting, samt til din bed\u00f8mmelse af vores virksomhed og produkter. Disse virksomheder er databehandlere og under vores instruks og behandler data, som vi er dataansvarlig for. Databehandlerne m\u00e5 ikke anvende oplysningerne til andet form\u00e5l end opfyldelse af aftalen med os, og er underlagt fortrolighed om disse. Vi har indg\u00e5et skriftlige databehandleraftaler med alle databehandlere, der behandler personoplysninger p\u00e5 vores vegne.<\/p><p>To af disse databehandlere, Google Analytics v\/Google LLC. Og Facebook Inc. er etableret i USA. De forn\u00f8dne garantier for overf\u00f8rsel af oplysninger til USA er sikret gennem databehandlerens certificering under EU-U.S. Privacy Shield, jfr. EU Persondataforordningens art. 45.<\/p><ul><li>Google LLC&#8217;s certificering kan findes her: <a href=\"https:\/\/www.privacyshield.gov\/participant?id=a2zt000000001L5AAI\">https:\/\/www.privacyshield.gov\/participant?id=a2zt000000001L5AAI<\/a><\/li><li>Facebook Inc.&#8217;s certificering kan findes her: <a href=\"https:\/\/www.privacyshield.gov\/participant?id=a2zt0000000GnywAAC&amp;status=Active\">https:\/\/www.privacyshield.gov\/participant?id=a2zt0000000GnywAAC&amp;status=Active<\/a><\/li><\/ul><h3>Dine rettigheder<\/h3><p>Med henblik p\u00e5 at skabe \u00e5benhed omkring behandlingen af dine oplysninger skal vi, som dataansvarlig, oplyse dig om dine rettigheder.<\/p><h4>&#8211; Indsigtsretten<\/h4><p>Du er til enhver tid berettiget til at anmode os om oplysning om blandt andet, hvilke oplysninger vi har registreret om dig, hvilket form\u00e5l registreringen tjener, hvilke kategorier af personoplysninger og modtagere af oplysninger der evt. m\u00e5tte v\u00e6re, samt oplysning om hvorfra oplysningerne stammer.<\/p><p>Du har ret til at f\u00e5 udleveret en kopi af de personoplysninger, som vi behandler om dig. Hvis du \u00f8nsker en kopi af dine personoplysninger, skal du sende en skriftlig anmodning til <a href=\"mailto:info@PersonligtDesign.dk\">info@PersonligtDesign.dk<\/a>. Du kan blive bedt om at dokumentere, at du er den du giver dig ud for at v\u00e6re.<\/p><h4>&#8211; Retten til berigtigelse<\/h4><p>Du har ret til at f\u00e5 urigtige personoplysninger om dig selv berigtiget af os. Hvis du oplever, at der er fejl i de oplysninger, som vi har registreret om dig, opfordres du til at rette skriftlig henvendelse til os, s\u00e5 oplysningerne kan blive korrigeret.<\/p><h4>&#8211; Retten til sletning<\/h4><p>I visse tilf\u00e6lde har du ret til at f\u00e5 alle eller visse af dine personoplysninger slettet af os, fx hvis du tilbagekalder dit samtykke, og vi ikke har et andet retsgrundlag for at forts\u00e6tte behandlingen. I det omfang en fortsat behandling af dine oplysninger er n\u00f8dvendig, fx for at vi kan overholde vores retlige forpligtelser, eller for at retskrav kan fastl\u00e6gges, g\u00f8res g\u00e6ldende eller forsvares, er vi ikke forpligtede til at slette dine personoplysninger.<\/p><h4>&#8211; Retten til at begr\u00e6nse behandlingen til opbevaring\u00a0<\/h4><p>Du har i visse tilf\u00e6lde ret til at f\u00e5 begr\u00e6nset behandlingen af dine personoplysninger til kun at best\u00e5 af opbevaring, fx hvis du mener, at de oplysninger, vi behandler om dig, ikke er korrekte.\u00a0<\/p><h4>&#8211; Retten til dataportabilitet<\/h4><p>Du har i visse tilf\u00e6lde ret til at f\u00e5 personoplysninger, som du selv har givet os, udleveret i et struktureret, almindeligt anvendt og maskinl\u00e6sbart format og har ret til at overf\u00f8re disse oplysninger til en anden dataansvarlig.<\/p><h4>&#8211; Retten til indsigelse<\/h4><p>Du har til enhver tid ret til at g\u00f8re indsigelse mod vores behandling af dine personoplysninger, med henblik p\u00e5 direkte markedsf\u00f8ring, herunder den profilering der foretages for at kunne m\u00e5lrette vores direkte markedsf\u00f8ring.<\/p><p>Du har endvidere til enhver tid ret til af grunde, der vedr\u00f8rer din personlige situation at g\u00f8re indsigelse mod den behandling af dine personoplysninger, som vi foretager p\u00e5 grundlag af vores legitime interesser under Hvilke oplysninger indsamler vi.<\/p><h4>&#8211; Retten til at tilbagekalde samtykke<\/h4><p>Du har til enhver tid ret til at tilbagekalde et samtykke, du har givet os til en given behandling af personoplysninger, herunder til den profilering, der foretages af dig som medlem i kundeklubben. Hvis du \u00f8nsker at tilbagekalde dit samtykke, bedes du kontakte os p\u00e5 <a href=\"mailto:info@PersonligtDesign.dk\">info@PersonligtDesign.dk<\/a>.<\/p><h4>&#8211; Retten til at klage<\/h4><p>Du har til enhver tid ret til at indgive en klage til Datatilsynet, Borgergade 28, 5, 1300 K\u00f8benhavn K over vores behandling af dine personoplysninger. Klage kan blandt andet indgives p\u00e5 mail <a href=\"mailto:dt@datatilsynet.dk\">dt@datatilsynet.dk<\/a> eller telefon <a href=\"tel:33193200\">+45 33 19 32 00<\/a>.<\/p><h3>Sletning af persondata<\/h3><p>Oplysninger indsamlet om din brug af Hjemmesiden jf. Hvilke oplysninger indsamler vi slettes senest, n\u00e5r du ikke har gjort brug af Hjemmesiden i 1 \u00e5r.<\/p><p>Oplysninger indsamlet i forbindelse med k\u00f8b du har gennemf\u00f8rt p\u00e5 Hjemmesiden jr. Hvilke oplysninger indsamler vi vil som udgangspunkt blive slettet 3 \u00e5r efter udl\u00f8bet af det kalender\u00e5r, hvori du har foretaget dit k\u00f8b. Oplysninger kan dog gemmes i l\u00e6ngere tid, hvis vi har et legitimt behov for l\u00e6ngere opbevaring, fx hvis det er n\u00f8dvendigt for at retskrav kan fastl\u00e6gges, g\u00f8res g\u00e6ldende eller forsvares, eller hvis opbevaring er n\u00f8dvendig for, at vi kan opfylde lovkrav. Regnskabsmateriale opbevares i 5 \u00e5r til udgangen af et regnskabs\u00e5r for at opfylde bogf\u00f8ringslovens krav.<\/p><h3>Sikkerhed<\/h3><p>Vi har gennemf\u00f8rt passende tekniske og organisatoriske sikkerhedsforanstaltninger mod, at personoplysninger h\u00e6ndeligt eller ulovligt tilintetg\u00f8res, fortabes, \u00e6ndres eller forringes samt mod, at de kommer til uvedkommendes kendskab eller misbruges.<\/p><p>Kun medarbejdere, der har\u00a0et reelt behov for at f\u00e5 adgang til dine personoplysninger for at udf\u00f8re deres arbejde,\u00a0har\u00a0adgang til disse.<\/p><h3>Kontaktoplysninger<\/h3><p>Hvis du har sp\u00f8rgsm\u00e5l eller bem\u00e6rkninger til denne Persondatapolitik eller \u00f8nsker du at g\u00f8re brug af en eller flere af dine rettigheder beskrevet i pkt.4, kan du kontakte:<br \/>\u00a0<\/p><p>Firma: PersonligtDesign<\/p><p>Adresse: H\u00f8edvej 52 <span style=\"font-family: ProximaNova-Regular; font-size: 14px; background-color: #ffffff;\">DK-4450 Jyderup<\/span><\/p><p>Tlf: 51 15 00 98<\/p><p>E-mail: <a href=\"mailto:info@PersonligtDesign.dk\">info@PersonligtDesign.dk<\/a><\/p><p><span style=\"font-family: ProximaNova-Regular; font-size: 14px; background-color: #ffffff;\">PersonligtDesign er dataansvarlig for de persondata, som indsamles via Hjemmesiden.<\/span><\/p><p>\u00a0<\/p><h3>\u00c6ndringer i Persondatapolitikken<\/h3><p>Hvis vi foretager \u00e6ndringer i Persondatapolitikken, vil du blive orienteret om dette ved dit n\u00e6ste bes\u00f8g p\u00e5 Hjemmesiden.<\/p><h4>Versioner: Dette er version 1.0 af PersonligtDesigns persondatapolitik dateret d. 1. januar 2020.<\/h4>\t\t\t\t\t\t\t\t<\/div>\n\t\t\t\t<\/div>\n\t\t\t\t\t<\/div>\n\t\t<\/div>\n\t\t\t\t\t<\/div>\n\t\t<\/section>\n\t\t\t\t<section class=\"elementor-section elementor-top-section elementor-element elementor-element-095c9d2 elementor-section-boxed elementor-section-height-default elementor-section-height-default\" data-id=\"095c9d2\" data-element_type=\"section\" data-e-type=\"section\">\n\t\t\t\t\t\t<div class=\"elementor-container elementor-column-gap-default\">\n\t\t\t\t\t<div class=\"elementor-column elementor-col-100 elementor-top-column elementor-element elementor-element-7561417\" data-id=\"7561417\" data-element_type=\"column\" data-e-type=\"column\">\n\t\t\t<div class=\"elementor-widget-wrap\">\n\t\t\t\t\t\t\t<\/div>\n\t\t<\/div>\n\t\t\t\t\t<\/div>\n\t\t<\/section>\n\t\t\t\t<\/div>\n\t\t","protected":false},"excerpt":{"rendered":"<p>Generelt Denne politik om behandling af personoplysninger (&#8220;Persondatapolitik&#8221;) beskriver, hvordan PersonligtDesign, &#8220;os&#8221;, &#8220;vores&#8221;, &#8220;vi&#8221; indsamler og behandler oplysninger om dig. Persondatapolitikken g\u00e6lder for personoplysninger, som&hellip;<\/p>\n","protected":false},"author":1,"featured_media":0,"parent":0,"menu_order":0,"comment_status":"closed","ping_status":"closed","template":"","meta":{"footnotes":""},"class_list":["post-2362","page","type-page","status-publish","hentry"],"_links":{"self":[{"href":"https:\/\/personligtdesign.dk\/index.php\/wp-json\/wp\/v2\/pages\/2362","targetHints":{"allow":["GET"]}}],"collection":[{"href":"https:\/\/personligtdesign.dk\/index.php\/wp-json\/wp\/v2\/pages"}],"about":[{"href":"https:\/\/personligtdesign.dk\/index.php\/wp-json\/wp\/v2\/types\/page"}],"author":[{"embeddable":true,"href":"https:\/\/personligtdesign.dk\/index.php\/wp-json\/wp\/v2\/users\/1"}],"replies":[{"embeddable":true,"href":"https:\/\/personligtdesign.dk\/index.php\/wp-json\/wp\/v2\/comments?post=2362"}],"version-history":[{"count":15,"href":"https:\/\/personligtdesign.dk\/index.php\/wp-json\/wp\/v2\/pages\/2362\/revisions"}],"predecessor-version":[{"id":4846,"href":"https:\/\/personligtdesign.dk\/index.php\/wp-json\/wp\/v2\/pages\/2362\/revisions\/4846"}],"wp:attachment":[{"href":"https:\/\/personligtdesign.dk\/index.php\/wp-json\/wp\/v2\/media?parent=2362"}],"curies":[{"name":"wp","href":"https:\/\/api.w.org\/{rel}","templated":true}]}}

<div data-elementor-type="wp-page" data-elementor-id="2362" class="elementor elementor-2362" data-elementor-post-type="page">
						<section class="elementor-section elementor-top-section elementor-element elementor-element-a48dda1 elementor-section-boxed elementor-section-height-default elementor-section-height-default" data-id="a48dda1" data-element_type="section" data-e-type="section">
						<div class="elementor-container elementor-column-gap-default">
					<div class="elementor-column elementor-col-100 elementor-top-column elementor-element elementor-element-57f9d65" data-id="57f9d65" data-element_type="column" data-e-type="column">
			<div class="elementor-widget-wrap elementor-element-populated">
						<div class="elementor-element elementor-element-a3ec280 elementor-widget elementor-widget-text-editor" data-id="a3ec280" data-element_type="widget" data-e-type="widget" data-widget_type="text-editor.default">
				<div class="elementor-widget-container">
									<h3><strong><span style="font-size: 18px;">Generelt</span></strong></h3><p>Denne politik om behandling af personoplysninger (&#8220;Persondatapolitik&#8221;) beskriver, hvordan PersonligtDesign, &#8220;os&#8221;, &#8220;vores&#8221;, &#8220;vi&#8221; indsamler og behandler oplysninger om dig.</p><p>Persondatapolitikken gælder for personoplysninger, som du afgiver til os, eller som vi indsamler via PersonligtDesigns hjemmeside PersonligtDesign.dk (&#8220;Hjemmesiden&#8221;).</p><p>PersonligtDesign er dataansvarlig for dine personoplysninger. Al henvendelse til PersonligtDesign kan ske via kontaktoplysningerne anført under Kontaktoplysninger.</p><h3>Hvilke personoplysninger indsamler vi, til hvilke formål og retsgrundlaget for behandlingen</h3><p>Når du besøger Hjemmesiden, indsamler vi automatisk oplysninger om dig og din brug af Hjemmesiden, fx om hvilken type browser du bruger, hvilke søgetermer du bruger på Hjemmesiden, din IP-adresse, herunder din netværkslokation, og informationer om din computer.</p><ul><li><u>Formålet</u> er at optimere brugeroplevelsen og Hjemmesidens funktion, samt foretage målrettet markedsføring, herunder retargeting via Facebook og Google. Denne behandling af oplysninger er nødvendig for, at vi kan varetage vores interesser i at forbedre Hjemmesiden samt vise dig relevante tilbud.</li><li><u>Retsgrundlaget</u> for behandlingen er EU Persondataforordningens art 6, stk. 1, litra f.</li></ul><p>Når du køber et produkt eller kommunikerer med os på Hjemmesiden, indsamler vi de oplysninger, du selv afgiver, navn/firmanavn, e-mailadresse og evt. telefonnr., evt. adresse samt oplysning om den IP-adresse, hvorfra bestilling er foretaget.</p><ul><li><u>Formålet</u> er, at vi kan levere de produkter, du har bestilt og i øvrigt opfylde vores aftale med dig, herunder for at kunne administrere dine rettigheder til at returnere og reklamere. Oplysninger om dine køb kan vi også behandle for at overholde lovkrav, herunder til bogføring og regnskab. Ved køb indsamles IP-adressen med det formål og for at varetage vores interesse i, at kunne forhindre svig.</li><li><u>Retsgrundlaget</u> for behandlingen er EU Persondataforordningens art 6, stk. 1, litra b, c og f.</li></ul><p>Når du tilmelder dig til vores nyhedsbrev, indsamler vi oplysning om din e-mailadresse.</p><ul><li><u>Formålet</u> er at varetage vores interesse i at kunne levere nyhedsbreve til dig.</li><li><u>Retsgrundlaget</u> for behandlingen er EU Persondataforordningens art 6, stk. 1, litra f.</li></ul><h3>Modtagere af Personoplysninger</h3><p>Oplysninger om dit navn, adresse, e-mail, telefonnummer samt ordrenummer og specifikke leveringsønsker videregives til PostNord, GLS eller en transportør, der forestår leveringen af de købte varer til dig. Ved køb af ikke lagerførte varer kan de nævnte oplysninger videregives til producenten eller sælgeren af den pågældende vare, som i så fald vil forestå leverancen.</p><p>Oplysninger kan overlades til eksterne samarbejdspartnere, der behandler oplysningerne på vores vegne. Vi anvender eksterne samarbejdspartnere til blandt andet teknisk drift og forbedringer af Hjemmesiden, udsendelse af nyhedsbreve samt målrettet markedsføring, herunder retargeting, samt til din bedømmelse af vores virksomhed og produkter. Disse virksomheder er databehandlere og under vores instruks og behandler data, som vi er dataansvarlig for. Databehandlerne må ikke anvende oplysningerne til andet formål end opfyldelse af aftalen med os, og er underlagt fortrolighed om disse. Vi har indgået skriftlige databehandleraftaler med alle databehandlere, der behandler personoplysninger på vores vegne.</p><p>To af disse databehandlere, Google Analytics v/Google LLC. Og Facebook Inc. er etableret i USA. De fornødne garantier for overførsel af oplysninger til USA er sikret gennem databehandlerens certificering under EU-U.S. Privacy Shield, jfr. EU Persondataforordningens art. 45.</p><ul><li>Google LLC&#8217;s certificering kan findes her: <a href="https://www.privacyshield.gov/participant?id=a2zt000000001L5AAI">https://www.privacyshield.gov/participant?id=a2zt000000001L5AAI</a></li><li>Facebook Inc.&#8217;s certificering kan findes her: <a href="https://www.privacyshield.gov/participant?id=a2zt0000000GnywAAC&amp;status=Active">https://www.privacyshield.gov/participant?id=a2zt0000000GnywAAC&amp;status=Active</a></li></ul><h3>Dine rettigheder</h3><p>Med henblik på at skabe åbenhed omkring behandlingen af dine oplysninger skal vi, som dataansvarlig, oplyse dig om dine rettigheder.</p><h4>&#8211; Indsigtsretten</h4><p>Du er til enhver tid berettiget til at anmode os om oplysning om blandt andet, hvilke oplysninger vi har registreret om dig, hvilket formål registreringen tjener, hvilke kategorier af personoplysninger og modtagere af oplysninger der evt. måtte være, samt oplysning om hvorfra oplysningerne stammer.</p><p>Du har ret til at få udleveret en kopi af de personoplysninger, som vi behandler om dig. Hvis du ønsker en kopi af dine personoplysninger, skal du sende en skriftlig anmodning til <a href="mailto:info@PersonligtDesign.dk">info@PersonligtDesign.dk</a>. Du kan blive bedt om at dokumentere, at du er den du giver dig ud for at være.</p><h4>&#8211; Retten til berigtigelse</h4><p>Du har ret til at få urigtige personoplysninger om dig selv berigtiget af os. Hvis du oplever, at der er fejl i de oplysninger, som vi har registreret om dig, opfordres du til at rette skriftlig henvendelse til os, så oplysningerne kan blive korrigeret.</p><h4>&#8211; Retten til sletning</h4><p>I visse tilfælde har du ret til at få alle eller visse af dine personoplysninger slettet af os, fx hvis du tilbagekalder dit samtykke, og vi ikke har et andet retsgrundlag for at fortsætte behandlingen. I det omfang en fortsat behandling af dine oplysninger er nødvendig, fx for at vi kan overholde vores retlige forpligtelser, eller for at retskrav kan fastlægges, gøres gældende eller forsvares, er vi ikke forpligtede til at slette dine personoplysninger.</p><h4>&#8211; Retten til at begrænse behandlingen til opbevaring </h4><p>Du har i visse tilfælde ret til at få begrænset behandlingen af dine personoplysninger til kun at bestå af opbevaring, fx hvis du mener, at de oplysninger, vi behandler om dig, ikke er korrekte. </p><h4>&#8211; Retten til dataportabilitet</h4><p>Du har i visse tilfælde ret til at få personoplysninger, som du selv har givet os, udleveret i et struktureret, almindeligt anvendt og maskinlæsbart format og har ret til at overføre disse oplysninger til en anden dataansvarlig.</p><h4>&#8211; Retten til indsigelse</h4><p>Du har til enhver tid ret til at gøre indsigelse mod vores behandling af dine personoplysninger, med henblik på direkte markedsføring, herunder den profilering der foretages for at kunne målrette vores direkte markedsføring.</p><p>Du har endvidere til enhver tid ret til af grunde, der vedrører din personlige situation at gøre indsigelse mod den behandling af dine personoplysninger, som vi foretager på grundlag af vores legitime interesser under Hvilke oplysninger indsamler vi.</p><h4>&#8211; Retten til at tilbagekalde samtykke</h4><p>Du har til enhver tid ret til at tilbagekalde et samtykke, du har givet os til en given behandling af personoplysninger, herunder til den profilering, der foretages af dig som medlem i kundeklubben. Hvis du ønsker at tilbagekalde dit samtykke, bedes du kontakte os på <a href="mailto:info@PersonligtDesign.dk">info@PersonligtDesign.dk</a>.</p><h4>&#8211; Retten til at klage</h4><p>Du har til enhver tid ret til at indgive en klage til Datatilsynet, Borgergade 28, 5, 1300 København K over vores behandling af dine personoplysninger. Klage kan blandt andet indgives på mail <a href="mailto:dt@datatilsynet.dk">dt@datatilsynet.dk</a> eller telefon <a href="tel:33193200">+45 33 19 32 00</a>.</p><h3>Sletning af persondata</h3><p>Oplysninger indsamlet om din brug af Hjemmesiden jf. Hvilke oplysninger indsamler vi slettes senest, når du ikke har gjort brug af Hjemmesiden i 1 år.</p><p>Oplysninger indsamlet i forbindelse med køb du har gennemført på Hjemmesiden jr. Hvilke oplysninger indsamler vi vil som udgangspunkt blive slettet 3 år efter udløbet af det kalenderår, hvori du har foretaget dit køb. Oplysninger kan dog gemmes i længere tid, hvis vi har et legitimt behov for længere opbevaring, fx hvis det er nødvendigt for at retskrav kan fastlægges, gøres gældende eller forsvares, eller hvis opbevaring er nødvendig for, at vi kan opfylde lovkrav. Regnskabsmateriale opbevares i 5 år til udgangen af et regnskabsår for at opfylde bogføringslovens krav.</p><h3>Sikkerhed</h3><p>Vi har gennemført passende tekniske og organisatoriske sikkerhedsforanstaltninger mod, at personoplysninger hændeligt eller ulovligt tilintetgøres, fortabes, ændres eller forringes samt mod, at de kommer til uvedkommendes kendskab eller misbruges.</p><p>Kun medarbejdere, der har et reelt behov for at få adgang til dine personoplysninger for at udføre deres arbejde, har adgang til disse.</p><h3>Kontaktoplysninger</h3><p>Hvis du har spørgsmål eller bemærkninger til denne Persondatapolitik eller ønsker du at gøre brug af en eller flere af dine rettigheder beskrevet i pkt.4, kan du kontakte:<br /> </p><p>Firma: PersonligtDesign</p><p>Adresse: Høedvej 52 <span style="font-family: ProximaNova-Regular; font-size: 14px; background-color: #ffffff;">DK-4450 Jyderup</span></p><p>Tlf: 51 15 00 98</p><p>E-mail: <a href="mailto:info@PersonligtDesign.dk">info@PersonligtDesign.dk</a></p><p><span style="font-family: ProximaNova-Regular; font-size: 14px; background-color: #ffffff;">PersonligtDesign er dataansvarlig for de persondata, som indsamles via Hjemmesiden.</span></p><p> </p><h3>Ændringer i Persondatapolitikken</h3><p>Hvis vi foretager ændringer i Persondatapolitikken, vil du blive orienteret om dette ved dit næste besøg på Hjemmesiden.</p><h4>Versioner: Dette er version 1.0 af PersonligtDesigns persondatapolitik dateret d. 1. januar 2020.</h4>								</div>
				</div>
					</div>
		</div>
					</div>
		</section>
				<section class="elementor-section elementor-top-section elementor-element elementor-element-095c9d2 elementor-section-boxed elementor-section-height-default elementor-section-height-default" data-id="095c9d2" data-element_type="section" data-e-type="section">
						<div class="elementor-container elementor-column-gap-default">
					<div class="elementor-column elementor-col-100 elementor-top-column elementor-element elementor-element-7561417" data-id="7561417" data-element_type="column" data-e-type="column">
			<div class="elementor-widget-wrap">
							</div>
		</div>
					</div>
		</section>
				</div>

<p>Generelt Denne politik om behandling af personoplysninger (&#8220;Persondatapolitik&#8221;) beskriver, hvordan PersonligtDesign, &#8220;os&#8221;, &#8220;vores&#8221;, &#8220;vi&#8221; indsamler og behandler oplysninger om dig. Persondatapolitikken gælder for personoplysninger, som&hellip;</p>
