{"id":16744,"date":"2023-02-02T18:18:28","date_gmt":"2023-02-02T17:18:28","guid":{"rendered":"https:\/\/personligtdesign.dk\/?page_id=16744"},"modified":"2023-02-13T10:55:57","modified_gmt":"2023-02-13T09:55:57","slug":"design-af-logoer-osv","status":"publish","type":"page","link":"https:\/\/personligtdesign.dk\/index.php\/design-af-logoer-osv\/","title":{"rendered":"Design af logoer osv."},"content":{"rendered":"\t\t<div data-elementor-type=\"wp-page\" data-elementor-id=\"16744\" class=\"elementor elementor-16744\" data-elementor-post-type=\"page\">\n\t\t\t\t<div class=\"elementor-element elementor-element-8dc9ee9 e-flex e-con-boxed e-con e-parent\" data-id=\"8dc9ee9\" data-element_type=\"container\" data-e-type=\"container\">\n\t\t\t\t\t<div class=\"e-con-inner\">\n\t\t\t\t\t<\/div>\n\t\t\t\t<\/div>\n\t\t<div class=\"elementor-element elementor-element-25d2eb2 e-flex e-con-boxed e-con e-parent\" data-id=\"25d2eb2\" data-element_type=\"container\" data-e-type=\"container\">\n\t\t\t\t\t<div class=\"e-con-inner\">\n\t\t\t\t<div class=\"elementor-element elementor-element-62eba05 elementor-widget elementor-widget-heading\" data-id=\"62eba05\" data-element_type=\"widget\" data-e-type=\"widget\" data-widget_type=\"heading.default\">\n\t\t\t\t<div class=\"elementor-widget-container\">\n\t\t\t\t\t<h2 class=\"elementor-heading-title elementor-size-default\">Grafisk design af fx logo<\/h2>\t\t\t\t<\/div>\n\t\t\t\t<\/div>\n\t\t\t\t\t<\/div>\n\t\t\t\t<\/div>\n\t\t<div class=\"elementor-element elementor-element-171ada7 e-flex e-con-boxed e-con e-parent\" data-id=\"171ada7\" data-element_type=\"container\" data-e-type=\"container\">\n\t\t\t\t\t<div class=\"e-con-inner\">\n\t\t\t\t<div class=\"elementor-element elementor-element-4d1c7fa elementor-align-left elementor-widget elementor-widget-global elementor-global-16809 elementor-widget-button\" data-id=\"4d1c7fa\" data-element_type=\"widget\" data-e-type=\"widget\" data-widget_type=\"button.default\">\n\t\t\t\t<div class=\"elementor-widget-container\">\n\t\t\t\t\t\t\t\t\t<div class=\"elementor-button-wrapper\">\n\t\t\t\t\t<a class=\"elementor-button elementor-button-link elementor-size-sm\" href=\"https:\/\/personligtdesign.dk\/index.php\/bestil-her\/\">\n\t\t\t\t\t\t<span class=\"elementor-button-content-wrapper\">\n\t\t\t\t\t\t\t\t\t<span class=\"elementor-button-text\">Bestil her<\/span>\n\t\t\t\t\t<\/span>\n\t\t\t\t\t<\/a>\n\t\t\t\t<\/div>\n\t\t\t\t\t\t\t\t<\/div>\n\t\t\t\t<\/div>\n\t\t\t\t<div class=\"elementor-element elementor-element-33b07ef elementor-widget elementor-widget-text-editor\" data-id=\"33b07ef\" data-element_type=\"widget\" data-e-type=\"widget\" data-widget_type=\"text-editor.default\">\n\t\t\t\t<div class=\"elementor-widget-container\">\n\t\t\t\t\t\t\t\t\t<p>Har du brug for unikt grafisk design?\u00a0<\/p>\t\t\t\t\t\t\t\t<\/div>\n\t\t\t\t<\/div>\n\t\t\t\t\t<\/div>\n\t\t\t\t<\/div>\n\t\t<div class=\"elementor-element elementor-element-bb8615e e-flex e-con-boxed e-con e-parent\" data-id=\"bb8615e\" data-element_type=\"container\" data-e-type=\"container\">\n\t\t\t\t\t<div class=\"e-con-inner\">\n\t\t\t\t<div class=\"elementor-element elementor-element-14146f0 elementor-widget elementor-widget-heading\" data-id=\"14146f0\" data-element_type=\"widget\" data-e-type=\"widget\" data-widget_type=\"heading.default\">\n\t\t\t\t<div class=\"elementor-widget-container\">\n\t\t\t\t\t<h3 class=\"elementor-heading-title elementor-size-default\">Input til designet<\/h3>\t\t\t\t<\/div>\n\t\t\t\t<\/div>\n\t\t\t\t\t<\/div>\n\t\t\t\t<\/div>\n\t\t<div class=\"elementor-element elementor-element-7d840ae e-flex e-con-boxed e-con e-parent\" data-id=\"7d840ae\" data-element_type=\"container\" data-e-type=\"container\">\n\t\t\t\t\t<div class=\"e-con-inner\">\n\t\t\t\t<div class=\"elementor-element elementor-element-b273859 elementor-widget elementor-widget-text-editor\" data-id=\"b273859\" data-element_type=\"widget\" data-e-type=\"widget\" data-widget_type=\"text-editor.default\">\n\t\t\t\t<div class=\"elementor-widget-container\">\n\t\t\t\t\t\t\t\t\t<p>Fort\u00e6l os om, hvilken type design du har brug for.<\/p><p>Hvad er dine tanker til det grafiske element.<\/p><ul><li>Hvor skal du mere du bruge logoet eller grafikken?<\/li><li>M\u00e5ske en stregtegning eller et billede, du er inspireret af<\/li><li>En kort eller lang beskrivelse af dine tanker i ord<\/li><li>Farver, tekster og figurer, der enten kan eller skal indg\u00e5 i designet<\/li><\/ul><p>Prisen afh\u00e6nger af, hvor enkelt eller omfattende designet er.<\/p>\t\t\t\t\t\t\t\t<\/div>\n\t\t\t\t<\/div>\n\t\t\t\t\t<\/div>\n\t\t\t\t<\/div>\n\t\t<div class=\"elementor-element elementor-element-55763ba e-flex e-con-boxed e-con e-parent\" data-id=\"55763ba\" data-element_type=\"container\" data-e-type=\"container\">\n\t\t\t\t\t<div class=\"e-con-inner\">\n\t\t\t\t<div class=\"elementor-element elementor-element-200fd07 elementor-widget elementor-widget-heading\" data-id=\"200fd07\" data-element_type=\"widget\" data-e-type=\"widget\" data-widget_type=\"heading.default\">\n\t\t\t\t<div class=\"elementor-widget-container\">\n\t\t\t\t\t<h3 class=\"elementor-heading-title elementor-size-default\">Trykklare filer<\/h3>\t\t\t\t<\/div>\n\t\t\t\t<\/div>\n\t\t\t\t\t<\/div>\n\t\t\t\t<\/div>\n\t\t<div class=\"elementor-element elementor-element-b2c3536 e-flex e-con-boxed e-con e-parent\" data-id=\"b2c3536\" data-element_type=\"container\" data-e-type=\"container\">\n\t\t\t\t\t<div class=\"e-con-inner\">\n\t\t\t\t<div class=\"elementor-element elementor-element-fddb16b elementor-widget elementor-widget-text-editor\" data-id=\"fddb16b\" data-element_type=\"widget\" data-e-type=\"widget\" data-widget_type=\"text-editor.default\">\n\t\t\t\t<div class=\"elementor-widget-container\">\n\t\t\t\t\t\t\t\t\t<p><span style=\"color: var( --e-global-color-text ); font-family: var( --e-global-typography-text-font-family ), Sans-serif; font-weight: var( --e-global-typography-text-font-weight ); text-align: var(--text-align);\">Du f\u00e5r design-filer, som I f\u00e5r de st\u00f8rrelser og typer, I har brug for:<\/span><\/p><ul><li>Til hjemmeside, sociale medier, osv.<\/li><li><span style=\"color: var( --e-global-color-text ); font-family: var( --e-global-typography-text-font-family ), Sans-serif; font-weight: var( --e-global-typography-text-font-weight ); text-align: var(--text-align);\">Flyers, plakater, og evt. ogs\u00e5 til strygem\u00e6rker og klisterm\u00e6rker &#8211; skal kunne skaleres op og samidig bevare den h\u00f8je kvalitet<\/span><\/li><\/ul>\t\t\t\t\t\t\t\t<\/div>\n\t\t\t\t<\/div>\n\t\t\t\t\t<\/div>\n\t\t\t\t<\/div>\n\t\t\t\t<\/div>\n\t\t","protected":false},"excerpt":{"rendered":"<p>Grafisk design af fx logo Bestil her Har du brug for unikt grafisk design?\u00a0 Input til designet Fort\u00e6l os om, hvilken type design du har&hellip;<\/p>\n","protected":false},"author":1,"featured_media":0,"parent":0,"menu_order":0,"comment_status":"closed","ping_status":"closed","template":"","meta":{"footnotes":""},"class_list":["post-16744","page","type-page","status-publish","hentry"],"_links":{"self":[{"href":"https:\/\/personligtdesign.dk\/index.php\/wp-json\/wp\/v2\/pages\/16744","targetHints":{"allow":["GET"]}}],"collection":[{"href":"https:\/\/personligtdesign.dk\/index.php\/wp-json\/wp\/v2\/pages"}],"about":[{"href":"https:\/\/personligtdesign.dk\/index.php\/wp-json\/wp\/v2\/types\/page"}],"author":[{"embeddable":true,"href":"https:\/\/personligtdesign.dk\/index.php\/wp-json\/wp\/v2\/users\/1"}],"replies":[{"embeddable":true,"href":"https:\/\/personligtdesign.dk\/index.php\/wp-json\/wp\/v2\/comments?post=16744"}],"version-history":[{"count":55,"href":"https:\/\/personligtdesign.dk\/index.php\/wp-json\/wp\/v2\/pages\/16744\/revisions"}],"predecessor-version":[{"id":16886,"href":"https:\/\/personligtdesign.dk\/index.php\/wp-json\/wp\/v2\/pages\/16744\/revisions\/16886"}],"wp:attachment":[{"href":"https:\/\/personligtdesign.dk\/index.php\/wp-json\/wp\/v2\/media?parent=16744"}],"curies":[{"name":"wp","href":"https:\/\/api.w.org\/{rel}","templated":true}]}}

<div data-elementor-type="wp-page" data-elementor-id="16744" class="elementor elementor-16744" data-elementor-post-type="page">
				<div class="elementor-element elementor-element-8dc9ee9 e-flex e-con-boxed e-con e-parent" data-id="8dc9ee9" data-element_type="container" data-e-type="container">
					<div class="e-con-inner">
					</div>
				</div>
		<div class="elementor-element elementor-element-25d2eb2 e-flex e-con-boxed e-con e-parent" data-id="25d2eb2" data-element_type="container" data-e-type="container">
					<div class="e-con-inner">
				<div class="elementor-element elementor-element-62eba05 elementor-widget elementor-widget-heading" data-id="62eba05" data-element_type="widget" data-e-type="widget" data-widget_type="heading.default">
				<div class="elementor-widget-container">
					<h2 class="elementor-heading-title elementor-size-default">Grafisk design af fx logo</h2>				</div>
				</div>
					</div>
				</div>
		<div class="elementor-element elementor-element-171ada7 e-flex e-con-boxed e-con e-parent" data-id="171ada7" data-element_type="container" data-e-type="container">
					<div class="e-con-inner">
				<div class="elementor-element elementor-element-4d1c7fa elementor-align-left elementor-widget elementor-widget-global elementor-global-16809 elementor-widget-button" data-id="4d1c7fa" data-element_type="widget" data-e-type="widget" data-widget_type="button.default">
				<div class="elementor-widget-container">
									<div class="elementor-button-wrapper">
					<a class="elementor-button elementor-button-link elementor-size-sm" href="https://personligtdesign.dk/index.php/bestil-her/">
						<span class="elementor-button-content-wrapper">
									<span class="elementor-button-text">Bestil her</span>
					</span>
					</a>
				</div>
								</div>
				</div>
				<div class="elementor-element elementor-element-33b07ef elementor-widget elementor-widget-text-editor" data-id="33b07ef" data-element_type="widget" data-e-type="widget" data-widget_type="text-editor.default">
				<div class="elementor-widget-container">
									<p>Har du brug for unikt grafisk design? </p>								</div>
				</div>
					</div>
				</div>
		<div class="elementor-element elementor-element-bb8615e e-flex e-con-boxed e-con e-parent" data-id="bb8615e" data-element_type="container" data-e-type="container">
					<div class="e-con-inner">
				<div class="elementor-element elementor-element-14146f0 elementor-widget elementor-widget-heading" data-id="14146f0" data-element_type="widget" data-e-type="widget" data-widget_type="heading.default">
				<div class="elementor-widget-container">
					<h3 class="elementor-heading-title elementor-size-default">Input til designet</h3>				</div>
				</div>
					</div>
				</div>
		<div class="elementor-element elementor-element-7d840ae e-flex e-con-boxed e-con e-parent" data-id="7d840ae" data-element_type="container" data-e-type="container">
					<div class="e-con-inner">
				<div class="elementor-element elementor-element-b273859 elementor-widget elementor-widget-text-editor" data-id="b273859" data-element_type="widget" data-e-type="widget" data-widget_type="text-editor.default">
				<div class="elementor-widget-container">
									<p>Fortæl os om, hvilken type design du har brug for.</p><p>Hvad er dine tanker til det grafiske element.</p><ul><li>Hvor skal du mere du bruge logoet eller grafikken?</li><li>Måske en stregtegning eller et billede, du er inspireret af</li><li>En kort eller lang beskrivelse af dine tanker i ord</li><li>Farver, tekster og figurer, der enten kan eller skal indgå i designet</li></ul><p>Prisen afhænger af, hvor enkelt eller omfattende designet er.</p>								</div>
				</div>
					</div>
				</div>
		<div class="elementor-element elementor-element-55763ba e-flex e-con-boxed e-con e-parent" data-id="55763ba" data-element_type="container" data-e-type="container">
					<div class="e-con-inner">
				<div class="elementor-element elementor-element-200fd07 elementor-widget elementor-widget-heading" data-id="200fd07" data-element_type="widget" data-e-type="widget" data-widget_type="heading.default">
				<div class="elementor-widget-container">
					<h3 class="elementor-heading-title elementor-size-default">Trykklare filer</h3>				</div>
				</div>
					</div>
				</div>
		<div class="elementor-element elementor-element-b2c3536 e-flex e-con-boxed e-con e-parent" data-id="b2c3536" data-element_type="container" data-e-type="container">
					<div class="e-con-inner">
				<div class="elementor-element elementor-element-fddb16b elementor-widget elementor-widget-text-editor" data-id="fddb16b" data-element_type="widget" data-e-type="widget" data-widget_type="text-editor.default">
				<div class="elementor-widget-container">
									<p><span style="color: var( --e-global-color-text ); font-family: var( --e-global-typography-text-font-family ), Sans-serif; font-weight: var( --e-global-typography-text-font-weight ); text-align: var(--text-align);">Du får design-filer, som I får de størrelser og typer, I har brug for:</span></p><ul><li>Til hjemmeside, sociale medier, osv.</li><li><span style="color: var( --e-global-color-text ); font-family: var( --e-global-typography-text-font-family ), Sans-serif; font-weight: var( --e-global-typography-text-font-weight ); text-align: var(--text-align);">Flyers, plakater, og evt. også til strygemærker og klistermærker &#8211; skal kunne skaleres op og samidig bevare den høje kvalitet</span></li></ul>								</div>
				</div>
					</div>
				</div>
				</div>

<p>Grafisk design af fx logo Bestil her Har du brug for unikt grafisk design?  Input til designet Fortæl os om, hvilken type design du har&hellip;</p>
